s the units digit of a(v)?
8
Let h = 15 - -7. Let g(s) = s**2 - 15*s + 54. Let p be g(5). What is the units digit of p/22 + 40/h?
2
Let g(y) = -2*y**2 - 163*y - 167. What is the hundreds digit of g(-55)?
7
Let u = 903 + -426. What is the tens digit of u?
7
Suppose 450 - 76 = 2*p. What is the hundreds digit of p?
1
Let b(s) = 2*s**3 - 20*s**2 + 13*s + 89. What is the tens digit of b(14)?
3
Suppose 5*j - j = 56. Suppose -q + 2*y = 4*y - j, 3*q - 36 = -4*y. What is the units digit of q?
8
Let y = -35 + 37. What is the units digit of (43/(-4))/(y*4/(-32))?
3
Let u be 8/3*(-45)/(-6). Suppose h = -0*h + u. Suppose h = 5*l + 4*f + 4, 4*l - 5*f - 21 = 0. What is the units digit of l?
4
Suppose 4*y = -4*w + 100, 4*y - w - 76 = w. Let c = -16 + y. What is the units digit of c?
5
Let k(n) = -n**3 - n**2 + n. Let q(u) = 7*u**3 - 7*u - 7. Let a(v) = -6*k(v) - q(v). Suppose 4*r + r + 5*w = 20, 9 = r - 4*w. What is the units digit of a(r)?
7
Suppose 3*z + 12 = 0, 0 = 2*d - 5*d + 2*z + 8. Let r be (-7 - d) + 3 + 0. What is the units digit of (-2)/r*(7 - -3)?
5
Suppose 5*i - 2410 = -90. What is the tens digit of ((-3)/2)/((-12)/i)?
5
Suppose -6 - 18 = -5*j - d, -5*j + 3*d = -8. Suppose 0 = 3*v + 3, v + 180 = j*x - 3*v. What is the units digit of x?
4
Suppose -3328 = 4*q + 2*b - 15972, -15787 = -5*q + 2*b. What is the tens digit of q?
5
Let b(u) = -3*u - 3*u + 7*u - 40*u**3 + 2*u + 2. What is the units digit of b(-1)?
9
What is the hundreds digit of (-9 - (-8895)/9) + 1/(-3)?
9
Suppose 0*n + 2*n = -2, -97 = -5*l - 3*n. Suppose -g - 3*g + l = 0. Suppose 0*f = 4*s - 5*f - 131, g*s + 4*f = 215. What is the tens digit of s?
3
Let l be 3/1 - (0 + -4). Suppose 8*f = l*f + 32. What is the tens digit of f?
3
Let f be 0 + -2 + -2 + 236. Suppose f = 11*h - 3*h. What is the units digit of h?
9
Suppose y + 2*y - 5*h - 32 = 0, h + 8 = y. Let i(k) = -5*k + 2*k**2 - 3*k**2 + 14 - y*k. What is the units digit of i(-8)?
2
Suppose 5*s = -0*s + 15. Suppose -s*r + 72 = -2*h, -3*h - 87 = -5*r + 23. Let v = -3 - h. What is the tens digit of v?
2
Let k(q) = -11 + 5 + 4*q**2 - q - 23 + q**3. Let p(x) = x**3 + 5*x**2 - x - 30. Let c(z) = -4*k(z) + 3*p(z). What is the tens digit of c(0)?
2
Suppose -5*k - 60 = -u - 2*u, k - 4*u - 5 = 0. Let c be (2/(-1))/(6/k). Suppose 3*d - 12 = 0, -2*y - 3*y + c*d + 80 = 0. What is the units digit of y?
0
Let s = 586 - -3074. What is the thousands digit of s?
3
Let r(j) = 2*j**2 + 30*j + 45. What is the units digit of r(-27)?
3
Let p(i) = -3*i + 48. Let m be p(14). Suppose m*j - 15*j = -576. What is the tens digit of j?
6
Let h(d) = 5*d**2 - d - 2. Let t be h(-1). Suppose -5*y + 245 = -5*i, -3*y + 160 - 18 = -t*i. What is the units digit of y?
4
Suppose 13*f = -3*m + 12*f + 7553, 0 = -4*m + f + 10066. What is the tens digit of m?
1
Let t = 209 + -99. Suppose t = 5*o - 2*n - 220, 2*o - 132 = 4*n. What is the units digit of o?
6
Suppose 0 = 45*s - 41*s - 236. Let j = 167 + s. What is the units digit of j?
6
Let r(l) = 5*l**2 + 6*l - 7. Let h be 190/38 + 2/((-4)/6). What is the units digit of r(h)?
5
Suppose 0 = -5*z + z + 92. Let y = z - 19. Suppose -65 = -s - y*s. What is the units digit of s?
3
Let s(c) = -7*c + 12. Let b(w) = -6*w + 11. Let n(k) = 6*b(k) - 5*s(k). Let j be n(-4). Suppose j*a = 4*a + 276. What is the tens digit of a?
4
What is the hundreds digit of ((-2)/(-2))/3 + 37272/72?
5
Let g(f) = -11*f**2 + 1 + 2 - 9*f**2 + 19*f**2 + 9*f. Let y be g(11). Let i(p) = -p**3 - 18*p**2 + 17*p - 6. What is the tens digit of i(y)?
3
Let g(j) = j**3 - 6*j**2 - 8*j + 5. Let f be g(7). Let t be 1*((2 - f) + 4). Suppose 0 = 4*w + 5*r - 222, -5*w + 280 = t*r - 3*r. What is the units digit of w?
8
Suppose -4*l = 5*a - 2*l - 15, 0 = 5*a - 2*l - 35. Suppose a*o + w - 16 = 0, 5*o - 4 = w - 5*w. Suppose -161 = -o*r + 95. What is the tens digit of r?
6
Let x(j) = 19*j**2 - 16*j + 75. What is the units digit of x(9)?
0
Let l = -7473 + 12969. Let d be l/36*(-3)/(-2). Suppose 0 = -5*w - 34 + d. What is the tens digit of w?
3
Let v(k) = -5*k - 54. Let r be v(-10). What is the units digit of (-1)/(2/(-20)) + r?
6
Suppose -12665 = -9*g + 11194. What is the thousands digit of g?
2
Suppose 3*r - 298 = -2*y, -2*r + 152 = 5*y - 32. What is the hundreds digit of r?
1
Suppose 0 = -27*t + 23*t - 116. Let h = -27 - t. Suppose h*r - 72 = 26. What is the units digit of r?
9
Let w = 94 + -67. Suppose 9 + w = o. What is the tens digit of o?
3
Suppose -4*z + 124 = -0*z. Let p = z - -3. Suppose p + 66 = 4*s. What is the units digit of s?
5
Suppose 3*c + 0 = -12. Let l be ((-6)/(-15))/(c/(-10)). What is the units digit of (l/2)/((-6)/(-24))?
2
Let h = -523 - -631. What is the hundreds digit of h?
1
Suppose -219*k + 214*k = -9685. What is the thousands digit of k?
1
Let k = -22 + 25. Let d be (7/(-14))/(k/(-36)). Suppose -d*a + 132 = -0*a. What is the tens digit of a?
2
Let i(f) = -3*f**3 - 27*f**2 - 21*f - 7. What is the units digit of i(-9)?
2
Suppose -5240 = -4*h - 2*v, 2*h + 13*v - 8*v = 2620. What is the thousands digit of h?
1
Let s(x) = -103*x - 145. What is the tens digit of s(-7)?
7
Let z(y) = 3*y + 9. Let s be z(-6). Let q = -42 - s. Let i = q - -60. What is the units digit of i?
7
Let r(h) = h**2 - 6*h + 7. Let d be (3 + 1 - 1)*1. Let i be r(d). What is the tens digit of (-13)/26 - 91/i?
4
What is the hundreds digit of 2626/6 - 26/(-78)?
4
Let r be (-4)/10*(-48 + -7). Let n = -1 + r. What is the tens digit of n?
2
Suppose 4*d + 3*d - 14 = 0. Suppose -4*k = d*k. Suppose k = 5*v - 4*v - 55. What is the units digit of v?
5
What is the hundreds digit of 4 - 1058/(-4) - (-5)/10?
2
Suppose 0 = -3*p + 433 + 581. Suppose -4*s + 2*z = -p, 2*z + 251 = 3*s - 0*z. What is the tens digit of s?
8
Suppose -40392 = -19*q - 25*q. What is the units digit of q?
8
Suppose 28 = -2*p - 2*p + 5*k, -3*k + 20 = -4*p. Let t(m) = 2*m**2 - 4*m - 3. Let v be t(p). Suppose -j + v + 2 = 0. What is the tens digit of j?
1
Suppose a = 49 + 16. Let c = 40 + a. What is the units digit of c?
5
Let s be 10 + 0 + 0 + -1. Suppose s = -t + 28. Suppose -o + 4 = u - 4, 2*u - t = o. What is the units digit of u?
9
Suppose -3*p - 2*p = -145. What is the units digit of p/2 + (-9)/6?
3
Let z(c) = -2044*c**3 + 2*c**2 - 2. What is the units digit of z(-1)?
4
What is the thousands digit of ((-21)/(-28) - 1)/((-2)/9928)?
1
Suppose -5*h + 748 + 202 = 0. Suppose -h = d + 240. What is the tens digit of d/(-8) - (-2)/8?
5
Suppose -4*l + 5*l = 2*w - 11, 5*l + 34 = 3*w. Suppose w*g + 3 = 5*z - 3, -4*z - 2 = g. Suppose i = z, -4*i + 120 = 2*d + 3*d. What is the tens digit of d?
2
Suppose -32*s + 70 = -27*s. Let a = s + 17. Suppose 3*b - 101 = a. What is the tens digit of b?
4
Suppose -p - p + 8 = 0, 2*j + 3*p - 30 = 0. Let x be (-6)/j + 34/(-3). Let f = x - -17. What is the units digit of f?
5
Suppose 380 + 384 = l. What is the hundreds digit of l?
7
Let z(h) = -h**3 + 14*h**2 - 18*h - 1. Let q be z(13). Let b = 61 - q. What is the hundreds digit of b?
1
Suppose -4*d = 2*h - 110, -2*h - 2*h + 2*d + 190 = 0. What is the tens digit of (h - (-6)/2) + -4?
4
Let g = 1562 + -637. What is the hundreds digit of g?
9
Let i(y) be the first derivative of -5*y**2/2 - 55*y + 19. What is the tens digit of i(-22)?
5
Let g(a) = 20*a**3 - 2*a**2 + 1. Let d be g(1). Let x = -16 + d. Suppose 6 = h + 2*m - 5, -2*h = x*m - 19. What is the units digit of h?
5
Suppose -42*y + 0*y + 33768 = 0. What is the tens digit of y?
0
Suppose -3*x = 3*p - 6*p + 12, -2*p - 3*x + 3 = 0. Let r = p - 1. Suppose 4*m - 6 = -2, -r*k = -2*m - 30. What is the tens digit of k?
1
What is the hundreds digit of ((-30)/15)/((-2)/462)?
4
Suppose 307449 - 86649 = 92*m. What is the thousands digit of m?
2
What is the units digit of 1950/(-4)*(-540)/150?
5
Suppose -2*l + 5*k = -139, -4*l = -0*k - k - 323. Let a = -27 + l. What is the tens digit of a?
5
Let c be -1 + -1 + 4 - -2. Suppose 3*n + 6 = c*n. Suppose 0 = z - n - 16. What is the tens digit of z?
2
What is the thousands digit of 1280 + 12*(-1)/2?
1
Let n = -1770 + 3225. What is the units digit of n?
5
Let d be (-689)/(-2) + 1*(-6)/12. Suppose 3*v + o - d = 0, -368 = -3*v + 13*o - 8*o. What is the tens digit of v?
1
Let x be (-4)/18*18/(-2). Let s(z) = -z**x + 4 - z + 3*z**2 - z - z**2. What is the units digit of s(0)?
4
